divided by (-15 - r) + 1*14.
8
Suppose 0 = 3*l - 5*o - 59, 105 = 3*l - 3*o + 36. Suppose -3*d + l = d. Let f = -700 - -718. Calculate the remainder when f is divided by d.
4
Let j = 21 - 6. Let t = -522 + 578. Calculate the remainder when t is divided by j.
11
Suppose 0 = -3*d - 2*f + 101, 4*f = -2*d + 7*d - 205. Let q = d + -28. Calculate the remainder when 28 is divided by (-2)/9 - (-155)/q.
11
Let i(v) = 58*v - 282. Calculate the remainder when 137 is divided by i(5).
1
Suppose 4*c = -2*n + 382, -623 = -5*c - 2*n - 147. What is the remainder when c is divided by 23?
2
Let g(s) = 6*s**2 - 2*s + 6. What is the remainder when g(5) is divided by 25?
21
Suppose -2*z = z - 6. Suppose -z*v = -v - 59. What is the remainder when v is divided by 15?
14
Suppose 0 = 4*o - 12 + 8. Let n be -14 + -5 + o/(-1). Let j = n - -25. Calculate the remainder when 13 is divided by j.
3
Let i = 760 + -736. What is the remainder when 354 is divided by i?
18
Let c = -15 - -8. Let k(v) = -v**3 - 6*v**2 + 7*v + 8. Let t be k(c). Suppose 0 = f - t. What is the remainder when f is divided by 5?
3
Let l(k) = -k**2 - 4*k + 27. Let j be l(-7). Suppose -2*c - j - 13 = -5*m, -3*m + 11 = -c. Calculate the remainder when 8 is divided by m.
2
Suppose 0 = 4*h - 3*g - 262 - 52, 383 = 5*h + g. What is the remainder when h is divided by 33?
11
Suppose 77*c = 62*c + 960. Calculate the remainder when c is divided by 22.
20
Suppose 194 = h + 189. Calculate the remainder when 29 is divided by h.
4
Let o(w) = -18*w**3 + 2*w**2 + 5*w + 2. Calculate the remainder when o(-1) is divided by 12.
5
Let x = 15 - -1. Suppose -i - 3*i = x. What is the remainder when 37 is divided by 39/4 + (-1)/i?
7
What is the remainder when 1131 is divided by 262/10 - (9 - (-147)/(-15))?
24
Let d = 5708 - 5594. Suppose 3*n - 14 = 28. What is the remainder when d is divided by 410/n - (-2)/(-7)?
27
Let h be 6/(-33) + (-5)/(165/27). Suppose s = l, 2*l - 4*s - 9 = 7*l. What is the remainder when 18 is divided by h*(-8 - (-4 - l))?
3
Let j(r) = -r**3 - 3*r**2 + 4*r - 2. Let o be j(-4). Let n(l) = -2*l**3 + 2*l**2 + 2*l + 6. What is the remainder when n(o) is divided by 6/(-4)*(-1 - 5)?
8
Let u = -16 + 28. Let j(c) = 2*c**2 - 2*c - 1. Calculate the remainder when u is divided by j(-2).
1
Let z = 465 + -388. What is the remainder when 225 is divided by z?
71
Let b be 5/10 - (-39)/6. Suppose 190 = 3*a + b. Calculate the remainder when a is divided by 21.
19
Let y(a) = a + 17. Let u be y(-12). Suppose -w + 7 = u. Calculate the remainder when w is divided by 1.
0
Suppose -4*n = -6*n + 24. Let o(x) = -x**3 + 6*x**2 + 6*x - 7. Calculate the remainder when o(6) is divided by -11*3/n*-4.
7
Let i be 24/(-12) - -1*9. Suppose -13*l + i*l + 102 = 0. What is the remainder when 65 is divided by l?
14
Let i(r) = r + 17. Let j be i(8). Suppose -3*c = 3*v - 3, 4*c + 0 = 3*v + j. What is the remainder when (-11)/4*1*-4 is divided by c?
3
What is the remainder when (-16)/(-104) - (-752)/13 is divided by 38?
20
Suppose 0 = -2*d + 3*p - 4, -3*d = -3*p - 3 + 6. Calculate the remainder when (1*-2)/((-12)/1068)*d is divided by 46.
40
Suppose 4*r + 2*t = 22, 3*r = -5*t + 16 + 4. Suppose r*q - 62 - 68 = 0. Let a = q - 24. Calculate the remainder when 2 is divided by a.
0
Suppose 3*i = -i + 220. Suppose -x + 166 = 2*o, 3*x - o = 4*x - 165. Calculate the remainder when x is divided by i.
54
Let b = -41 - -43. Let u(a) = 47*a - 12. What is the remainder when u(b) is divided by 17?
14
Let v = 342 + -305. Calculate the remainder when 85 is divided by v.
11
Let k(g) = -11*g**3 + g**2 + 2*g + 1. Let p be k(-1). Suppose 3*d - d + 11 = v, -3*d + p = 4*v. What is the remainder when 29 is divided by (13 - 10)*(-11)/d?
7
Suppose -3*b = 2*c + 2, c + 6 = 2*b - 2. Let v = b - 0. Calculate the remainder when 7 is divided by v.
1
Let g(h) = 33*h + 1. Let a be g(-1). Let u = 48 + a. What is the remainder when 31 is divided by u?
15
Suppose -3*l = 5*y - 138 - 89, 0 = -2*y - 4*l + 88. What is the remainder when y is divided by 12?
10
Suppose -198 = -8*r - 54. Calculate the remainder when 113 is divided by r.
5
What is the remainder when 29/(-3*(-4)/12) is divided by 4?
1
Suppose -z + 5*z = 2200. Suppose -155 + z = 5*a. Let g(f) = -2*f + 38. What is the remainder when a is divided by g(9)?
19
Let l(g) be the third derivative of g**6/60 - 2*g**5/15 + 5*g**4/12 - 7*g**3/3 + 31*g**2. Calculate the remainder when l(5) is divided by 45.
41
Suppose -2*j = -5*j + 48. Let s be (-6)/(-2) + 60*1. Suppose 2*p - s = -5*i, -5*p + 67 = -i - 77. What is the remainder when p is divided by j?
13
Suppose 438*z - 439*z = -50. What is the remainder when z is divided by 17?
16
Let o = 20 - 23. Let n be (-189)/(-18)*(-2)/o. Suppose -11*r + 72 = -n*r. Calculate the remainder when 32 is divided by r.
14
Let v be 1/(-2)*2*-1. Suppose v = -x - 2. What is the remainder when 2 + (43 - -2 - x) is divided by 13?
11
Suppose 5*w = h + 257, -3*w + 25*h = 20*h - 163. What is the remainder when 165 is divided by w?
12
Calculate the remainder when 960 is divided by 24/20*(-2 + 382/6).
72
Let w(t) = -t**2 - 5*t + 3. Let k be w(-3). Suppose k*s - 222 - 165 = 0. What is the remainder when s is divided by 15?
13
Suppose -2*o - 129 - 3 = -5*j, -3*o = 3*j - 75. What is the remainder when j is divided by 20?
6
Let i = -12 + 13. Calculate the remainder when i is divided by (-4)/(-18) + (-35)/(-45).
0
Suppose 11*i + 670 = g + 6*i, 0 = 5*g - 4*i - 3329. Calculate the remainder when g is divided by 23.
21
Suppose 12*s = 324 + 252. Suppose 4*w + h - 42 = 0, 0 = 2*w - 6*w + 2*h + s. Calculate the remainder when w is divided by 7.
4
Let q(s) = 2*s**2 - 22*s + 22. Let k be q(10). Calculate the remainder when 4 is divided by (-1 + k - 0)/((-17)/(-51)).
1
What is the remainder when 16/20 - 3036/(-30) is divided by 20 + 7 + (3 - -5)?
32
Suppose -2*b = 5*u - 198, 0 = -14*b + 10*b + 5*u + 336. Calculate the remainder when 710 is divided by b.
87
Suppose -4*t = -0*t + 8, 0 = 5*y + 4*t - 507. What is the remainder when y is divided by 26?
25
Suppose -5*x = -5*i - 35, -3*x - 2*i + 9 = -i. What is the remainder when 103 is divided by x?
3
Let w(q) = -2*q - 22. Let f be w(0). Let l = 33 + f. What is the remainder when 31 is divided by l?
9
Let m = 4819 + -4788. Suppose 5*q - 3*q = 42. Suppose 2*i = -s + 1, 2*i + 53 - q = 2*s. Calculate the remainder when m is divided by s.
9
Calculate the remainder when -1*(660/(-10) + -1) is divided by 6.
1
Let j = 10 + -8. Suppose 2 + j = z. Let k = z + -2. What is the remainder when 5 is divided by k?
1
Let q(y) = -y + 7. Suppose 12 = -3*n + n. Suppose -w - 80 = -5*w - 4*k, 2*k + 52 = 2*w. What is the remainder when w is divided by q(n)?
10
Let h be (6/(-8))/((-17)/136). Suppose 5*q - h*q + 5 = 0. Calculate the remainder when 23 is divided by q.
3
Let s(v) = v**2 + v + 2. Let y be s(-2). Suppose -2*t = 2*t + y. Calculate the remainder when (0 - t) + 7 + 1 is divided by 6.
3
Calculate the remainder when 309 is divided by (792/108 + 8/(-6))*13.
75
Let n(r) = -r**2 + 5*r - 2. Let t be n(5). What is the remainder when 4*(-9)/12*(-76)/6 is divided by (80/(-12))/(t/6)?
18
Suppose -2*x + 20 = 2*x. Suppose -2*t + 0*t + 28 = 0. What is the remainder when (x - -33) + (-1)/(-1) is divided by t?
11
Let f = 56 - -88. What is the remainder when f is divided by 21?
18
Let i(z) = 22*z + 217. What is the remainder when 37 is divided by i(-9)?
18
Let n = -10 - -14. Suppose 0 = n*z - d - 19, 3*d = -z - 2*z + 18. Suppose -z*p = -2*p - 87. What is the remainder when p is divided by 16?
13
Let k = 539 - 443. Calculate the remainder when 381 is divided by k.
93
Let h(r) = -r**2 + 32*r + 137. What is the remainder when h(20) is divided by 76?
73
Let g(i) = 8*i + 160. Calculate the remainder when g(-9) is divided by 20.
8
Let l be (-152)/(-7) + (-6)/(-21) - 1. Let i = 3 + l. Calculate the remainder when i is divided by 13.
11
Let x(f) = 19*f**2. Let k = -1 + 6. Suppose 46 = -k*w + 416. Calculate the remainder when w is divided by x(-1).
17
What is the remainder when (12/(-30))/((-10)/1325) is divided by 11?
9
Let h = -1349 + 1367. What is the remainder when 513 is divided by h?
9
Let x(j) be the second derivative of j**5/20 + j**4/3 - j**2/2 + 2*j. What is the remainder when -2*(4/6)/(8/(-174)) is divided 